0
What is the remainder when 144 is divided by 133?
11
What is the remainder when 352 is divided by 45?
37
Calculate the remainder when 205 is divided by 42.
37
Calculate the remainder when 1740 is divided by 578.
6
Calculate the remainder when 271 is divided by 147.
124
Calculate the remainder when 89 is divided by 10.
9
Calculate the remainder when 1153 is divided by 229.
8
What is the remainder when 192 is divided by 14?
10
Calculate the remainder when 470 is divided by 11.
8
Calculate the remainder when 80 is divided by 8.
0
Calculate the remainder when 287 is divided by 36.
35
What is the remainder when 399 is divided by 101?
96
What is the remainder when 359 is divided by 93?
80
What is the remainder when 7853 is divided by 5?
3
What is the remainder when 224 is divided by 128?
96
Calculate the remainder when 314 is divided by 45.
44
What is the remainder when 77 is divided by 16?
13
What is the remainder when 159 is divided by 33?
27
Calculate the remainder when 1739 is divided by 29.
28
What is the remainder when 689 is divided by 138?
137
Calculate the remainder when 482 is divided by 121.
119
What is the remainder when 9205 is divided by 14?
7
What is the remainder when 7019 is divided by 27?
26
Calculate the remainder when 67 is divided by 21.
4
Calculate the remainder when 441 is divided by 111.
108
What is the remainder when 1519 is divided by 1517?
2
Calculate the remainder when 526 is divided by 48.
46
What is the remainder when 106 is divided by 11?
7
Calculate the remainder when 90 is divided by 39.
12
Calculate the remainder when 8657 is divided by 157.
22
What is the remainder when 109 is divided by 86?
23
Calculate the remainder when 133 is divided by 71.
62
What is the remainder when 502 is divided by 9?
7
Calculate the remainder when 55 is divided by 4.
3
What is the remainder when 725 is divided by 14?
11
What is the remainder when 160 is divided by 121?
39
What is the remainder when 145 is divided by 21?
19
Calculate the remainder when 133 is divided by 56.
21
What is the remainder when 127 is divided by 66?
61
What is the remainder when 943 is divided by 133?
12
What is the remainder when 179 is divided by 9?
8
What is the remainder when 12892 is divided by 18?
4
Calculate the remainder when 360 is divided by 211.
149
What is the remainder when 974 is divided by 4?
2
Calculate the remainder when 113 is divided by 58.
55
What is the remainder when 89 is divided by 63?
26
Calculate the remainder when 93 is divided by 21.
9
What is the remainder when 347 is divided by 91?
74
Calculate the remainder when 21 is divided by 8.
5
Calculate the remainder when 2453 is divided by 613.
1
What is the remainder when 3301 is divided by 56?
53
Calculate the remainder when 44 is divided by 20.
4
Calculate the remainder when 126 is divided by 12.
6
Calculate the remainder when 656 is divided by 73.
72
What is the remainder when 1238 is divided by 124?
122
Calculate the remainder when 682 is divided by 98.
94
Calculate the remainder when 132 is divided by 45.
42
Calculate the remainder when 1039 is divided by 29.
24
What is the remainder when 273 is divided by 32?
17
Calculate the remainder when 890 is divided by 128.
122
What is the remainder when 80 is divided by 44?
36
What is the remainder when 3766 is divided by 65?
61
What is the remainder when 166 is divided by 76?
14
What is the remainder when 173 is divided by 109?
64
Calculate the remainder when 732 is divided by 67.
62
What is the remainder when 2974 is divided by 333?
310
Calculate the remainder when 98 is divided by 17.
13
What is the remainder when 3611 is divided by 139?
136
Calculate the remainder when 264 is divided by 19.
17
Calculate the remainder when 184 is divided by 6.
4
What is the remainder when 20238 is divided by 173?
170
Calculate the remainder when 740 is divided by 69.
50
What is the remainder when 75 is divided by 16?
11
Calculate the remainder when 5907 is divided by 14.
13
What is the remainder when 5544 is divided by 118?
116
Calculate the remainder when 238 is divided by 60.
58
Calculate the remainder when 411 is divided by 313.
98
What is the remainder when 199 is divided by 5?
4
What is the remainder when 222 is divided by 57?
51
What is the remainder when 1415 is divided by 8?
7
Calculate the remainder when 955 is divided by 87.
85
What is the remainder when 123 is divided by 42?
39
What is the remainder when 87 is divided by 38?
11
Calculate the remainder when 695 is divided by 175.
170
What is the remainder when 137 is divided by 41?
14
What is the remainder when 882 is divided by 34?
32
What is the remainder when 25 is divided by 7?
4
What is the remainder when 1054 is divided by 24?
22
What is the remainder when 736 is divided by 10?
6
What is the remainder when 668 is divided by 33?
8
Calculate the remainder when 23 is divided by 10.
3
Calculate the remainder when 208 is divided by 15.
13
Calculate the remainder when 99 is divided by 57.
42
Calculate the remainder when 1003 is divided by 14.
9
Calculate the remainder when 192 is divided by 31.
6
Calculate the remainder when 203 is divided by 29.
0
What is the remainder when 83 is divided by 17?
15
Calculate the remainder when 111 is divided by 47.
17
Calculate the remainder when 115 is divided by 21.
10
What is the remainder when 92 is divided by 8?
4
What is the remainder when 10249 is divided by 9?
7
Calculate the remainder when 103 is divided by 67.
36
Calculate the remainder when 947 is divided by 38.
35
What is the remainder when 431 is divided by 93?
59
Calculate the remainder when 73 is divided by 38.
35
Calculate the remainder when 20089 is divided by 41.
40
Calculate the remainder when 1021 is divided by 64.
61
Calculate the remainder when 95119 is divided by 239.
236
What is the remainder when 420 is divided by 19?
2
What is the remainder when 4210 is divided by 78?
76
What is the remainder when 65 is divided by 1?
0
What is the remainder when 447 is divided by 39?
18
What is the remainder when 35 is divided by 6?
5
What is the remainder when 1443 is divided by 38?
37
What is the remainder when 406 is divided by 130?
16
What is the remainder when 1618 is divided by 535?
13
What is the remainder when 3074 is divided by 434?
36
What is the remainder when 4433 is divided by 134?
11
Calculate the remainder when 201 is divided by 51.
48
What is the remainder when 56 is divided by 53?
3
What is the remainder when 64 is divided by 46?
18
What is the remainder when 1627 is divided by 37?
36
What is the remainder when 582 is divided by 49?
43
Calculate the remainder when 1277 is divided by 142.
141
What is the remainder when 3930 is divided by 24?
18
Calculate the remainder when 1567 is divided by 390.
7
Calculate the remainder when 960 is divided by 478.
4
What is the remainder when 339 is divided by 150?
39
Calculate the remainder when 8457 is divided by 45.
42
Calculate the remainder when 1457 is divided by 34.
29
Calculate the remainder when 1389 is divided by 312.
141
What is the remainder when 479 is divided by 237?
5
What is the remainder when 186 is divided by 67?
52
What is the remainder when 269 is divided by 51?
14
What is the remainder when 700 is divided by 52?
24
Calculate the remainder when 96 is divided by 56.
40
What is the remainder when 177 is divided by 60?
57
Calculate the remainder when 111022 is divided by 27.
25
What is the remainder when 265 is divided by 160?
105
What is the remainder when 2960 is divided by 29?
2
Calculate the remainder when 1073 is divided by 43.
41
What is the remainder when 291 is divided by 14?
11
Calculate the remainder when 667 is divided by 169.
160
What is the remainder when 258 is divided by 127?
4
Calculate the remainder when 233 is divided by 34.
29
Calculate the remainder when 53 is divided by 8.
5
Calculate the remainder when 25 is divided by 14.
11
What is the remainder when 124 is divided by 36?
16
Calculate the remainder when 513 is divided by 200.
113
Calculate the remainder when 128 is divided by 34.
26
Calculate the remainder when 367 is divided by 34.
27
Calculate the remainder when 2479 is divided by 20.
19
What is the remainder when 1716 is divided by 566?
18
What is the remainder when 32 is divided by 20?
12
Calculate the r